5*f**2. Let x(j) = -13*j**3 - 6*j**2 - 3*j + 2. Let y(n) = 3*r(n) + x(n). Calculate y(1).
-17
Let c be -2*((-3588)/(-10166))/(8/34). Let m(b) = 3 + 3*b + 0*b**3 - b**3 - 5. Determine m(c).
16
Let j(c) = -c**3 - c**2 + c + 1. Let s(f) = 4*f**3 + 2*f + 4. Let r(v) = 5*j(v) + s(v). Suppose -191*h - 158 = -165*h - 2. Give r(h).
3
Let c(g) be the second derivative of -g**4/12 + g**3/2 + g**2/2 - 542*g - 10. Let k be (1/1)/((-1)/(-2)). Give c(k).
3
Let k = -1943 - -1947. Let b(n) = n**2 - n - 13. Determine b(k).
-1
Let t(q) be the second derivative of -q**5/20 + 7*q**4/4 - 11*q**3/3 + 34*q**2 - 8*q - 568. Give t(20).
28
Let n be ((-825)/(-12) - 1)*4. Let a = -273 + n. Let m(u) = -2*u**2 + 4*u + 3. Determine m(a).
-13
Let v(p) be the first derivative of -p**3/3 + 19*p**2/2 + 92*p - 12293. Determine v(-4).
0
Let s(c) be the second derivative of 45*c + 1/12*c**4 + c**2 + 2/3*c**3 + 0. What is s(-6)?
14
Let a(f) = 22*f + 3. Let p be a(0). Let h(l) = 17*l + 23*l**p - 11*l - 6*l. Let v be 54/42 - (-2)/(-7). Determine h(v).
23
Let f = -64 - -67. Let g be (2/(-4))/(f - (-220)/(-72)). Let i(m) be the third derivative of m**5/60 - m**4/3 - 3*m**3/2 + m**2. Determine i(g).
0
Suppose -5*d - 7 = -107. Suppose 12*m = 8*m + d. Suppose k + 40 = -2*k + m*g, 20 = -5*k - g. Let q(c) = -c + 5. What is q(k)?
10
Let v(w) = w**3 - 5*w**2 + 4*w - 1. Suppose 2*h = -4*a + 982, 5*a = -6*h + 4*h + 1225. Let f = 246 - a. Calculate v(f).
-7
Let p = -140 + 148. Suppose 2*v + 2*c = 3*v + 6, -4*c = p. Let n(u) = u - 2*u - 13 + 0*u. Give n(v).
-3
Let d(p) = p - 5. Let q be d(7). Let x(v) be the first derivative of 2*v**3/3 - v + 16302. Determine x(q).
7
Let r be (-33)/9*158 + (-25)/15. Let k = r - -588. Let n(h) = -h**2 + 6*h + 7. What is n(k)?
0
Let c be ((-6)/36)/((-4)/216). Let r(p) = -5*p**2 + 40*p + 61. Let i(k) = -k**2 - 6*k + 12 + 14*k + 0*k**2. Let q(o) = 11*i(o) - 2*r(o). What is q(c)?
1
Let p(k) = -6*k - 43. Let c be p(-8). Suppose 4*w + 4 = -c*q + 7*q, 2*q - w = 13. Let v(u) = 8*u + u**2 + 27 - 31 - q*u. Give v(3).
5
Let t(i) be the second derivative of -i**5/20 + i**4/3 - i**3/2 - 23*i**2/2 - i - 138. What is t(0)?
-23
Let w = -19971 - -19976. Let l(b) be the first derivative of -18 + 7/2*b**2 - 1/3*b**3 - w*b. Determine l(5).
5
Suppose 203 = 4*f + 59. Let g = f - 37. Let h(b) = 2*b**3 + 14*b + 7 - 8 - 16*b. Calculate h(g).
-1
Let a(r) = -12*r - 4. Suppose 3705*m - 3662*m + 172 = 0. What is a(m)?
44
Let p(z) be the second derivative of -z**5/120 - z**4/4 - z**3 - 3*z**2/2 - 15*z. Let a(n) be the second derivative of p(n). What is a(7)?
-13
Let f = 990 - 991. Let z be -3 - (-12 - (-3 - 0)). Let l(o) = -o. Let g(q) = -12*q - 1. Let a(u) = z*l(u) - g(u). Calculate a(f).
-5
Suppose -h + 8*h = 42. Let k(z) be the first derivative of -2*z**2 - 2*z + 533. What is k(h)?
-26
Let i(d) = d**2 - 12*d - 11. Let h(o) = 2*o**3 + 12*o**2 + 7*o - 12. Let y be h(-5). Suppose -5*n + 2*c + 59 = 0, -5*c - 36 + 90 = y*n. Determine i(n).
2
Let n(t) = 131 - 129 + 3*t - 17 - 5*t. Determine n(-11).
7
Let i be (-2 - 36/(-15))*30. Let j(w) = -803 + 791 - 93*w + 41*w + 53*w. Determine j(i).
0
Let t(x) = -x + 1. Let d be 476*(-14)/(-84) + (-2)/(-3). Let j(k) = -96*k + 80. Let m(w) = d*t(w) - j(w). Determine m(-1).
-16
Let a(k) be the first derivative of 3*k**2 - 2*k - 4122. Determine a(1).
4
Let j(z) = -48*z - 111. Let h(i) = -3*i - 7. Let g(r) = 33*h(r) - 2*j(r). Suppose -2503*l + 16966 + 555 = 0. Determine g(l).
-30
Suppose -2*f + 6*f - 7 = 3*b, 4*f = 4*b + 4. Let w(n) = -7*n**2 - 5*n + 1. Let l(u) = -15*u**2 - 11*u + 2. Let j(c) = b*l(c) - 7*w(c). Determine j(1).
5
Let l(y) = -71*y - 350. Suppose 4*v + 114 = 94. Determine l(v).
5
Let p(u) = u**2 - 7*u + 20. Let d = -20996 - -21003. Determine p(d).
20
Let m be 3/4 - 5/(-20). Let o(c) = 6*c**2 + 10*c - 12. Let p(s) = -s**2 - s + 1. Let a(x) = m*o(x) + 5*p(x). Give a(-5).
-7
Let j(m) = -m**3 - 11*m**2 - 10*m - 5. Let z be (2 - 0/5)*-5. Let l be j(z). Let w(s) = -8 - 6*s + 2 + 6 - 2*s**2. Determine w(l).
-20
Let c = 1072/7 - 6383/42. Let w(o) be the third derivative of 0*o - 1/3*o**4 + c*o**3 - 10*o**2 + 0 + 1/60*o**5. Give w(5).
-8
Let a(h) be the second derivative of -h**4/12 + 2*h**3/3 - 6*h. Suppose 1 = j - 3. Suppose -i = i - j. What is a(i)?
4
Suppose 56*a + 30 - 70 = 57*a - 37. Suppose 3*u - 3 = 3*h, -h = -4*u + 16 - 3. Let f(n) = 4 - 3 + 2*n - u*n. Determine f(a).
7
Let c(a) be the third derivative of -a**5/24 + a**4/12 - 23*a**3/2 - 45*a**2. Let n(h) be the first derivative of c(h). Determine n(-1).
7
Suppose -38*g - 117 = 263. Let n(l) = l**2 + 8*l - 11. Calculate n(g).
9
Let v(y) = 0*y - 9*y + 7*y + y - 176893 + 176950. Determine v(19).
38
Let y(j) = -2 + j**2 + 1 + 30*j - 28*j - 3. Let i(m) = -10*m - 9. Let l be i(-8). Let d = l + -68. Calculate y(d).
11
Suppose 14*u + 35 = 19*u. Suppose 25 = u*d + 60. Let j(a) = a + 17. Let x(w) = 9. Let v(g) = -3*j(g) + 5*x(g). Calculate v(d).
9
Let q(c) = c**2 + 1. Let t = -2 - -1. Let x(z) be the first derivative of -4*z**3/3 - z - 1004. Let d(h) = t*x(h) - 5*q(h). Determine d(-3).
-13
Let p be (1 - -3) + -4 + 0 + 0. Suppose p = -2*b + 24 + 2. Let x(h) = -h + 9. Calculate x(b).
-4
Let q = -246 - -162. Let v = q + 86. Let a(g) = -5 + 8*g**2 - 6*g**v - 5*g**2 + 4. Give a(2).
-13
Let u(c) = c**3 - 5*c**2 + 3*c - 6. Let v be -4 - (3 - 0) - -249. Let f = 247 - v. Give u(f).
9
Let n(y) = -y**2 - 30*y - 222. Suppose 273 - 501 = 93*i + 1074. Calculate n(i).
2
Let t(i) be the third derivative of 0*i + 1/12*i**4 + 1/2*i**3 - 1/20*i**5 + 4*i**2 + 16. Give t(-3).
-30
Let z(j) = 1619*j - 1622. Let w be z(1). Let o(p) = 4*p - p**2 - 2*p - 5*p + 4. Give o(w).
4
Let o = 15 + 14. Let x = o - 18. Let w(l) be the third derivative of -l**4/24 + 2*l**3 - 2591*l**2. Determine w(x).
1
Let z(y) = -16*y**2 + 1. Let r(n) = n**3 + 6*n**2 + 5*n + 1. Let m = -16 - -11. Let h be r(m). Determine z(h).
-15
Let d(x) be the first derivative of -x**5/2 - x**3/3 - x**2/2 - 181*x + 84. Let g(c) be the first derivative of d(c). Calculate g(-1).
11
Let y(q) = -8*q - 10. Let g(d) = 9*d + 8. Let o(j) = 4*g(j) + 3*y(j). Let f(c) = -2*c - 2. Let s(m) = 4*f(m) + o(m). Determine s(6).
18
Let v(m) = 3*m**3 + 7*m**2 - 18*m + 8. Let f(c) = 849*c + 1694. Let l be f(-2). Give v(l).
0
Let c = -2481 - -2476. Let s(r) = 31*r + 161. Give s(c).
6
Let y(p) = -p**2 - 4*p - 3. Suppose 2*u - 60 = 150. Suppose -165 = 10*a - u. Calculate y(a).
-15
Let d(w) = 11*w**3 + 2*w**2 - 6*w + 3. Let f be (-1120)/1400*10/(-4). Determine d(f).
87
Let c(x) = 4*x - 18. Let b(l) = -3*l**2 + 73*l + 523. Let k be b(30). Calculate c(k).
34
Let r(l) be the first derivative of 2*l**2 - l - 4182. Let c = -1 - -4. Give r(c).
11
Let c(d) be the first derivative of -d**6/120 - d**5/15 + d**4/24 - d**3/6 - 6*d**2 - 3*d - 85. Let q(x) be the second derivative of c(x). Determine q(-4).
-5
Let s = 231 - 259. Let u be (-2)/7 - 2*(-66)/s. Let z(l) = -l**3 - 7*l**2 - 11*l - 1. What is z(u)?
4
Let s(o) be the first derivative of -o**4/2 + o**3 + 2*o**2 + 5*o + 3372. Determine s(4).
-59
Let a(n) = -13 - 13*n**3 + 39*n**3 + 21*n**2 - 10*n**3 + 10 - 15*n**3. What is a(-21)?
-3
Suppose -15 = 3*w - 4*a, 0 = -396*w + 393*w + 5*a - 15. Let j(c) = 2*c**2 - c + 4. What is j(w)?
59
Let a(p) = 17*p - 8. Let f(x) = -31*x + 15. Let s(u) = 3*u**2 - 12*u - 25. Let w be s(-2). Let t(y) = w*a(y) + 6*f(y). What is t(-2)?
0
Let b be (7 - -3 - -1) + (-4)/2. Suppose -12 = -3*n - b*n. Let p(w) = 9*w - 4. Determine p(n).
5
Let q(z) = -20*z**3 + 0*z**3 - 12*z + 7*z**3 + 12*z**3 - 8*z**2 - 4. Calculate q(-5).
-19
Let c(n) = -7 + n**2 - 4 + 6*n + 1. Suppose -1037*u + 1150*u + 750 = -41. Determine c(u).
-3
Let o(c) = 8*c**2 + 41*c - 48. Let k(p) = p**3 - 4*p**2 - 146*p + 578. Let m be k(4). Determine o(m).
-6
Let l(m) = 18*m**2 - 89*m + 13*m**2 - 48*m**2 - m**2 + m**3 + 31. Give l(22).
9
Let n(q) = 19*q**2 - 18 - 45*q**2 + 47 - 5*q + 25*q**2 + 2*q. Determine n(4).
1
Let g(a) = 5*a - 22. Let t(n) = 3*n**2 + n - 38. Let v be t(4). Determine g(v).
48
Let b be ((-10)/(-8))/1*4. Suppose 4*p - 23 = 9*u - 12*u, -u - 3*p + 11 = 0. Let h(w) = 1 - u*w - 6 - 4 + 4 + w**2. Give h(b).
-5
Let m(c) = c**3 + 10*c**2 - 10*c + 15. Let n = -5526 + 5515. Give m(n).
4
Let r(y) = y**2 + 6*y - 7. Let t be -10*(3/3 + -2) + 2. Let l = 48 +